29?
9
What is the tens digit of 2718?
1
What is the hundreds digit of 1407?
4
What is the units digit of 4548?
8
What is the thousands digit of 19284?
9
What is the units digit of 2496?
6
What is the tens digit of 68152?
5
What is the hundreds digit of 1334?
3
What is the tens digit of 517?
1
What is the thousands digit of 24192?
4
What is the thousands digit of 54947?
4
What is the thousands digit of 20919?
0
What is the units digit of 1515?
5
What is the thousands digit of 32747?
2
What is the hundreds digit of 1130?
1
What is the ten thousands digit of 52305?
5
What is the hundreds digit of 1856?
8
What is the units digit of 6174?
4
What is the hundreds digit of 182104?
1
What is the units digit of 337?
7
What is the hundreds digit of 593?
5
What is the ten thousands digit of 21789?
2
What is the units digit of 406?
6
What is the hundreds digit of 4769?
7
What is the tens digit of 2384?
8
What is the thousands digit of 10414?
0
What is the tens digit of 11172?
7
What is the hundreds digit of 32484?
4
What is the hundreds digit of 56225?
2
What is the hundreds digit of 367?
3
What is the ten thousands digit of 75213?
7
What is the units digit of 6836?
6
What is the tens digit of 54672?
7
What is the thousands digit of 4023?
4
What is the ten thousands digit of 19750?
1
What is the hundreds digit of 2368?
3
What is the tens digit of 2392?
9
What is the units digit of 3636?
6
What is the units digit of 48999?
9
What is the tens digit of 3752?
5
What is the units digit of 8214?
4
What is the units digit of 91329?
9
What is the thousands digit of 93453?
3
What is the thousands digit of 2533?
2
What is the hundreds digit of 5689?
6
What is the tens digit of 2772?
7
What is the ten thousands digit of 25355?
2
What is the units digit of 907?
7
What is the units digit of 766?
6
What is the hundreds digit of 3633?
6
What is the thousands digit of 2480?
2
What is the units digit of 42?
2
What is the tens digit of 12710?
1
What is the units digit of 215?
5
What is the ten thousands digit of 13041?
1
What is the tens digit of 6118?
1
What is the hundreds digit of 2765?
7
What is the units digit of 134715?
5
What is the thousands digit of 22870?
2
What is the tens digit of 37392?
9
What is the units digit of 1473?
3
What is the tens digit of 253?
5
What is the thousands digit of 3065?
3
What is the hundreds digit of 10653?
6
What is the hundreds digit of 10562?
5
What is the units digit of 671?
1
What is the ten thousands digit of 28726?
2
What is the tens digit of 2587?
8
What is the tens digit of 2205?
0
What is the units digit of 23421?
1
What is the thousands digit of 6961?
6
What is the hundred thousands digit of 185417?
1
What is the tens digit of 833?
3
What is the thousands digit of 69111?
9
What is the hundreds digit of 24227?
2
What is the hundreds digit of 19436?
4
What is the units digit of 5381?
1
What is the tens digit of 2035?
3
What is the hundreds digit of 1278?
2
What is the hundreds digit of 10537?
5
What is the tens digit of 141333?
3
What is the hundreds digit of 30636?
6
What is the tens digit of 3160?
6
What is the units digit of 3176?
6
What is the thousands digit of 2567?
2
What is the units digit of 53?
3
What is the hundreds digit of 663?
6
What is the tens digit of 1765?
6
What is the tens digit of 813?
1
What is the units digit of 3826?
6
What is the ten thousands digit of 39405?
3
What is the units digit of 9800?
0
What is the hundreds digit of 12103?
1
What is the ten thousands digit of 25333?
2
What is the thousands digit of 1771?
1
What is the ten thousands digit of 32657?
3
What is the units digit of 8125?
5
What is the ten thousands digit of 32438?
3
What is the hundreds digit of 12416?
4
What is the tens digit of 12793?
9
What is the hundred thousands digit of 105713?
1
What is the tens digit of 9178?
7
What is the hundreds digit of 719?
7
What is the hundreds digit of 1736?
7
What is the ten thousands digit of 23854?
2
What is the units digit of 275?
5
What is the thousands digit of 24057?
4
What is the hundreds digit of 1702?
7
What is the units digit of 1848?
8
What is the hundreds digit of 44427?
4
What is the tens digit of 2265?
6
What is the units digit of 18061?
1
What is the thousands digit of 7019?
7
What is the tens digit of 9471?
7
What is the tens digit of 14262?
6
What is the ten thousands digit of 31964?
3
What is the thousands digit of 27671?
7
What is the tens digit of 59670?
7
What is the thousands digit of 9866?
9
What is the thousands digit of 4041?
4
What is the units digit of 6646?
6
What is the units digit of 857?
7
What is the hundreds digit of 7090?
0
What is the units digit of 687?
7
What is the tens digit of 4665?
6
What is the tens digit of 105986?
8
What is the thousands digit of 4166?
4
What is the hundreds digit of 313?
3
What is the ten thousands digit of 73462?
7
What is the units digit of 2065?
5
What is the thousands digit of 2404?
2
What is the tens digit of 4591?
9
What is the hundreds digit of 2990?
9
What is the ten thousands digit of 128245?
2
What is the hundreds digit of 7608?
6
What is the ten thousands digit of 55320?
5
What is the units digit of 623?
3
What is the thousands digit of 2940?
2
What is the ten thousands digit of 20646?
2
What is the units digit of 3069?
9
What is the thousands digit of 2750?
2
What is the units digit of 6546?
6
What is the units digit of 6239?
9
What is the units digit of 18242?
2
What is the thousands digit of 16750?
6
What is the hundreds digit of 7476?
4
What is the units digit of 855?
5
What is the ten thousands digit of 14082?
1
What is the units digit of 42191?
1
What is the units digit of 43973?
3
What is the hundreds digit of 3169?
1
What is the hundreds digit of 55115?
1
What is the units digit of 39946?
6
What is the units digit of 1845?
5
What is the tens digit of 920?
2
What is the thousands digit of 6391?
6
What is the units digit of 22514?
4
What is the tens digit of 23634?
3
What is the units digit of 4155?
5
What is the tens digit of 75164?
6
What is the thousands digit of 8542?
8
What is the tens digit of 3555?
5
What is the ten thousands digit of 14263?
1
What is the tens digit of 6011?
1
What is the hundreds digit of 2262?
2
What is the tens digit of 28488?
8
What is the thousands digit of 63684?
3
What is the hundreds digit of 92966?
9
What is the tens digit of 59366?
6
What is the ten thousands digit of 33426?
3
What is the hundreds digit of 1120?
1
What is the tens digit of 36224?
2
What is the units digit of 53915?
5
What is the tens digit of 2549?
4
What is the tens digit of 1194?
9
What is the tens digit of 3658?
5
What is the hundreds digit of 766?
7
What is the tens digit of 7201?
0
What is the thousands digit of 101442?
1
What is the hundreds digit of 1682?
6
What is the hundreds digit of 94640?
6
What is the ten thousands digit of 81832?
8
What is the hundreds digit of 2207?
2
What is the ten thousands digit of 22913?
2
What is the tens digit of 5895?
9
What is the units digit of 3126?
6
What is the hundreds digit of 108948?
9
What is the hundreds digit of 14597?
5
What is the tens digit of 2204?
0
What is the tens digit of 256?
5
What is the hundreds digit of 165?
1
What is the hundreds digit of 21971?
9
What is the hundreds digit of 17605?
6
What is the hundreds digit of 4275?
2
What is the tens digit of 2474?
7
What is the tens digit of 199?
9
What is the hundreds digit of 718?
7
What is the thousands digit of 2666?
2
What is the units digit of 1814?
4
What is the units digit of 7885?
5
What is the tens digit of 6504?
0
What is the units digit of 54613?
3
What is the tens digit of 3630?
3
What is the units digit of 13266?
6
What is the ten thousands digit of 33923?
3
What is the tens digit of 16983?
8
What is the hundreds digit of 8674?
6
What is the units digit of 26144?
4
What is the units digit of 47682?
2
What is the tens digit of 8518?
1
What is the tens digit of 4164?
6
What is the hundreds digit of 7634?
6
What is the hundreds digit of 3622?
6
What is the hundreds digit of 46945?
9
What is the hundreds digit of 648?
6
What is the hundreds digit of 108147?
1
What is the thousands digit of 37388?
7
What is the hundreds digit of 1892?
8
What is the ten thousands digit of 29258?
2
What is the tens digit of 